me factors of w?
13
Let r(v) = -v**3 - 14*v**2 + 4*v + 2. Suppose -6*k = 6*k + 180. List the prime factors of r(k).
167
Suppose -8*q = -3*q - 55. Suppose -3*v + q = 4*d - 36, 0 = -3*d + 5*v + 28. What are the prime factors of d?
11
Suppose 23*t = 33006 + 31440. List the prime factors of t.
2, 3, 467
Suppose 13869 = 4*w - 2*z + 1295, 0 = w + 4*z - 3130. What are the prime factors of w?
2, 1571
Let x = -75 - -75. Suppose -5*l + l + 540 = x. List the prime factors of l.
3, 5
Let l be -31 + (-7)/((-21)/(-12)). Let z = l + 75. What are the prime factors of 2/8 + 1150/z?
29
Suppose 0 = 7*v - 2*v. Suppose 4*k - 12 = 4*r + 8, v = 3*r + 6. Let b(h) = 2*h**3 - 3*h**2 + 3*h - 4. List the prime factors of b(k).
2
Suppose -2*u = -4, -r + u - 2*u + 2 = 0. Let i be 4/(-1 - 26/(-22)). Let k = i + r. List the prime factors of k.
2, 11
Suppose 5*m - 6*m + 4 = 0. Suppose 2*b - m*g = 64, 0*b + 3*b - 80 = -2*g. What are the prime factors of b?
2, 7
Let i = -77 + 82. Suppose -2*k - k - f = -451, -k = i*f - 155. What are the prime factors of k?
2, 3, 5
Suppose -8*r = -2383 - 2009. What are the prime factors of r?
3, 61
Let v(r) = -r**2 - 3*r + 6. What are the prime factors of v(0)?
2, 3
Suppose -2*x = -5*f + 2*x - 29, 4*f - 4*x = -24. Let k be 1720/f*1/(-2). Suppose -5*h = -3*y - 0*y - 207, k = 4*h + 4*y. What are the prime factors of h?
2, 3, 7
Suppose 2*c + 3139 - 1303 = k, -5484 = -3*k - 2*c. List the prime factors of k.
2, 3, 5, 61
Let g = 6 - -2. Suppose g*d - 816 = 232. List the prime factors of d.
131
Let j(f) = -f**3 + 5*f**2 + 7*f - 2. Let k be j(6). Suppose -k*y = -3*y + 45. List the prime factors of -2*(-2 - y/(-6)).
19
Suppose -6 - 10 = 4*h. Let f(i) = -8 - 2 + 6 + 2*i + 2*i**3 - i**3 + 8*i**2. What are the prime factors of f(h)?
2, 13
Suppose 130 = 3*m - 194. List the prime factors of m.
2, 3
Let l(s) = s**2 - 25*s + 73. List the prime factors of l(22).
7
Suppose 0*f + 16 = -2*f. Let c be f/(-32) - 1/4. List the prime factors of 66/2 + 0 - c.
3, 11
Let m(d) = -d**2 + 12*d + 7. Suppose 8*j = 2*j + 66. Let n = 20 - j. What are the prime factors of m(n)?
2, 17
Let h(y) = -2*y**3 + 4*y**2 + 3*y. Let i be h(-1). Suppose i*j + 4*a = -0*a + 216, -a = 3*j - 207. List the prime factors of j.
2, 17
What are the prime factors of (-10078)/(-8) - (-36)/144?
2, 3, 5, 7
Suppose 3*k - 8707 = -2*t, -32*t + 17409 = -28*t + 5*k. What are the prime factors of t?
2, 41, 53
Let a(b) = 1011*b**3 - 2*b**2 - b + 4. List the prime factors of a(1).
2, 11, 23
Suppose -x = x + 3*t - 206, 0 = -4*t. Let m = x + -16. List the prime factors of m.
3, 29
Suppose -3*c + 35 = 2*w - 25, 5*c = 5*w + 75. Suppose v - c = -0*v. Suppose -2*n + 5*n = v. List the prime factors of n.
2, 3
Suppose 0 = -4*d - 3*z + 128, -4*z + 154 = 3*d + 58. Let x(n) = -n + 17. Let b be x(14). Suppose d = -u + b*u. What are the prime factors of u?
2
Suppose 0 = 2*r - 5*z - 1140, -r - z + 570 = 2*z. What are the prime factors of r?
2, 3, 5, 19
Let y = -935 - -1533. What are the prime factors of y?
2, 13, 23
Let p = -2407 - -4372. What are the prime factors of p?
3, 5, 131
Let d(g) = -g**3 - 5*g**2 - 3*g + 8. Let c be d(-4). Suppose -864 = -c*p - 4*h, h - 658 = -3*p - 4*h. List the prime factors of p.
211
Let j be 5/30 - 51/(-18). Suppose 4*k - 6 = j*k. What are the prime factors of (-3 + -3)/((-4)/k)?
3
Suppose a + 9653 = 2*k, 18*a = k + 22*a - 4804. What are the prime factors of k?
2, 3, 67
Let r be (-2 - 2)/(2/(-14)). Suppose j - 89 = -r. What are the prime factors of j?
61
Let g(d) = 44*d**2 - 9*d + 34. What are the prime factors of g(5)?
3, 11
Suppose 0 = -2*d + 6*d + 48. Let l be (-42)/d*(-8)/(-14). Suppose l*f + 24 = 76. What are the prime factors of f?
2, 13
Let n = 3 + 0. Suppose -4*k = n*c - 5*k + 244, -2*c = k + 156. What are the prime factors of 1/(c/(-26) - 3)?
13
Let l(f) = 883*f + 128. What are the prime factors of l(4)?
2, 3, 5, 61
Let q(h) = -h**3 + 3*h**2 + 3*h + 5. Let s be q(4). Let x be (45/(-6))/(s/(-2)). Let k = x - 10. What are the prime factors of k?
5
Let p = 11299 + -6975. What are the prime factors of p?
2, 23, 47
Let x(a) = 51*a - 35. List the prime factors of x(2).
67
Suppose -3 = -5*l + 4*l. Suppose -4*s = -4*m - 160, -l*s - 41 = -4*s + 2*m. List the prime factors of s + 4 + 20/(-4).
2, 19
Let o(q) = 2*q**2 - 9*q - 3*q**2 + 0*q**2 - 1. Let d be o(-8). Suppose d = -5*y - m + 112, -63 = -3*y + m. What are the prime factors of y?
3, 7
List the prime factors of (-12)/(-16) + 9202*3/24.
1151
Let d(a) = a**3 - 26*a**2 - 7*a - 59. What are the prime factors of d(28)?
13, 101
Suppose -12 = -l - 2*l. What are the prime factors of 117/26*l/2?
3
Let v(z) = z**3 + 28*z**2 + 25*z - 62. Let y be v(-27). Let t(i) = i**3 + 11*i**2 + 5*i - 10. What are the prime factors of t(y)?
2, 71
Let z = 127 + -42. Let f = 42 - 38. Suppose f*j + 5*u - 61 = 0, -4*j + 4*u = -3 - z. What are the prime factors of j?
19
Suppose -28 = -q - 3*k, q + 2*k = -0*q + 28. Suppose -q*i + 23*i = -215. List the prime factors of i.
43
Let z(k) = 11*k**2 - 11*k - 79. List the prime factors of z(9).
23, 31
Suppose -4*n = 3*f - n + 3, 5*n - 15 = 5*f. List the prime factors of (-1032)/(-52) - f/13.
2, 5
Let q(r) = -12 + 49*r**2 - 13*r + 4*r - r**3 - 54*r**2. What are the prime factors of q(-6)?
2, 3, 13
Let h be 4/(-22) + (-13)/(-11). Let f be h - (0 + 0 - 2). Suppose -2*c - 4*y = -3*c + 15, -63 = -3*c + f*y. What are the prime factors of c?
23
List the prime factors of (-8400)/(-21) + 0/2.
2, 5
Suppose -2*f - f - 33 = 0. Suppose u = -6*x + 2*x + 60, -2*u + 2*x + 100 = 0. Let z = f + u. List the prime factors of z.
41
Let q = 576 - 306. List the prime factors of q.
2, 3, 5
Let w(g) = 59*g**3 + 9*g**2 - 8*g + 3. What are the prime factors of w(2)?
3, 5, 11
Let t(w) = -2*w**3 + w - 330. Let l be t(0). What are the prime factors of (-10 + -4)*l/21?
2, 5, 11
Let s be (-16)/48 + 1/3. Suppose 20 = 5*j - s. What are the prime factors of (j/16)/(1/20)?
5
Suppose 2*v = 5*a - 10*a + 1552, -3*v = -3*a + 948. What are the prime factors of a?
2, 3, 13
Suppose 0 = -o + h + 143, 3*h + 430 = 3*o - h. Suppose -4*q = 3*x - 270, -x = 2*q - o + 8. What are the prime factors of q?
2, 3, 11
Let i(t) = 25*t - 5. Let f be i(6). Suppose 2 + 3 = 5*s, 0 = -2*u + 3*s + f. List the prime factors of u.
2, 37
Let a(l) = l**3 + 2*l**2 - 2*l + 9. What are the prime factors of a(0)?
3
What are the prime factors of -1 - (-224)/((-18)/(-9))?
3, 37
Let y(z) = z**3 - 6*z**2 - 2*z - 4. Let r be y(5). Let n = r - -53. What are the prime factors of n?
2, 7
Suppose -2*i - 3325 = -5*l, -i + 5*i = -3*l + 2021. Suppose 3*w = 3*r + r + l, -3*r = -6. List the prime factors of w.
3, 5
Let u(q) = 7*q**3 + 4*q**2 - 11*q + 13. List the prime factors of u(3).
5, 41
Let n be (-3 - -2) + (-10)/(-2). List the prime factors of n/(-10)*8*-5.
2
Suppose -16*d - 3512 = -24*d. List the prime factors of d.
439
Suppose -l - 3*b = -10, 4*l + 4 = b + 18. Suppose -l*x + x = -234. What are the prime factors of x?
2, 3, 13
Let d(b) = 267*b + 1192. What are the prime factors of d(12)?
2, 7, 157
Let a(g) be the third derivative of g**4/8 - g**3/6 + 2*g**2. Suppose 2*l = -l + 21. List the prime factors of a(l).
2, 5
Let t be (16/(-7) - -2) + (-4322)/14. Let v = -121 - t. List the prime factors of v.
2, 47
Let d(v) = 5*v**2 + 5*v - 10. Let f be d(8). Suppose 0 = 5*o - 0*o - f. Suppose -k = 4*k - o. What are the prime factors of k?
2, 7
Let n be (4/4)/(1 - 0). Let i be -9 - -89 - (0 - n). Suppose 2*o - 47 = -3*h, 4*h - o = -0*o + i. List the prime factors of h.
19
Suppose 3*y + 2*u = 754, 0*u + 5*u = -2*y + 521. List the prime factors of y.
2, 31
Let q = -19 + 21. Suppose -z - b = -2 - 3, 0 = q*z + 3*b - 13. Suppose -96 = -i - z*i. What are the prime factors of i?
2
What are the prime factors of 59*((-75)/(-11) - 30/(-165))?
7, 59
Suppose -5*a - 5 = 0, 2*c + 3*a = 9 + 18. Let i be (-5)/20 + 26/8. Suppose -2*y + 3*q = y - 18, -c = -i*q. List the prime factors of y.
11
Let t(a) = -9*a + 11. Let l be t(10). Let c = l - -116. List the prime factors of c.
37
Let n(r) = 7*r - 4. Let g(l) = l + 7. Let y be g(-4). What are the prime factors of n(y)?
17
Suppose -4*x + 59 = -21. Suppose -5*g + x = -0*g. Suppose -y - g*z = -2*y + 27, -z = 5*y - 30. List the prime factors of y.
7
Suppose 3*x + 5880 = 3*y, 26*y - 29